 + 324*q - 15. Give x(19).
4
Let o(m) = 14*m**2 + 405*m - 37. Determine o(-29).
-8
Let i(p) = -29*p - 284. What is i(-10)?
6
Let m(k) = -2*k**3 + 87*k**2 - 39*k - 173. Give m(43).
-1
Let v(a) = 100*a - 118. What is v(6)?
482
Let n(b) = 39*b - 403. Calculate n(8).
-91
Let b(n) = 1010*n + 5037. What is b(-5)?
-13
Let p(x) = 24*x**2 - 117*x + 27. Determine p(5).
42
Let p(f) = f**2 - 35*f - 184. What is p(44)?
212
Let s(m) = -354*m - 1. Give s(0).
-1
Let w(j) = -j**3 + 104*j**2 + 550*j - 544. Calculate w(109).
1
Let f(r) = 4*r**2 - 258*r - 1973. What is f(-7)?
29
Let h(w) = 29*w**2 - 90*w + 66. Determine h(2).
2
Let k(a) = -a**3 + 27*a**2 + 10*a - 291. Give k(27).
-21
Let g(i) = -2*i**2 + 122*i - 116. Give g(60).
4
Let h(q) = 67*q - 2800. Determine h(33).
-589
Let s(j) = 6*j**2 - 40*j - 3. Determine s(7).
11
Let r(m) = -2*m**2 + 10*m - 31. Calculate r(7).
-59
Let w(j) = -j**2 + 87*j + 830. Calculate w(-9).
-34
Let y(v) = 2*v**2 - 41*v + 56. Calculate y(20).
36
Let c(s) = 6334*s - 19022. What is c(3)?
-20
Let u(x) = -14*x**2 + 14*x - 55. Calculate u(4).
-223
Let i(b) = b**2 + 37*b + 137. Calculate i(-33).
5
Let f(d) = -d**3 - 41*d**2 + 4*d + 174. Give f(-41).
10
Let q(a) = 4*a**2 - 3*a - 3. Give q(0).
-3
Let d(f) = f + 56. Calculate d(-23).
33
Let p(d) = -d**3 - 13*d**2 + 40*d - 129. Calculate p(-16).
-1
Let x(n) = n**2 - 10*n - 24. Calculate x(8).
-40
Let j(f) = -10*f - 390. Give j(-44).
50
Let c(i) = 2*i**3 - 370*i**2 - 170*i - 37574. What is c(186)?
-2
Let v(k) = -k**3 + 7*k**2 - 945*k + 5629. What is v(6)?
-5
Let s(f) = f**2 - 92*f + 1458. Calculate s(20).
18
Let p(t) = -6*t**3 + 2*t + 151. Give p(0).
151
Let y(i) = -5*i**2 + 75*i + 163. Determine y(17).
-7
Let m(c) = 82*c**2 + 213*c + 421. What is m(-2)?
323
Let d(t) = t**3 + 7*t - 16. Determine d(2).
6
Let u(f) = 17*f + 444. Calculate u(-21).
87
Let f(c) = -203*c - 203. Give f(-1).
0
Let g(u) = 8*u**2 + 112*u + 331. What is g(-10)?
11
Let z(j) = -633*j - 641. What is z(-1)?
-8
Let i(o) = -41*o - 76. What is i(-6)?
170
Let m(n) = -39*n + 1464. What is m(37)?
21
Let t(h) = 4*h**2 - 190*h + 2117. What is t(30)?
17
Let x(k) = k**3 + 32*k**2 - 48*k + 666. What is x(-34)?
-14
Let n(x) = 42*x**2 + 207*x + 7. Determine n(-5).
22
Let h(v) = -v**3 + 34*v**2 - 88*v - 156. Calculate h(31).
-1
Let f(k) = k**3 + 30*k**2 - 259*k + 5. What is f(-37)?
5
Let y(k) = k**2 - 32*k + 81. Give y(3).
-6
Let n(x) = 55*x + 1536. What is n(-28)?
-4
Let v(q) = 43*q + 278. Give v(13).
837
Let r(t) = -6*t**3 - 10*t**2 - t - 8. Give r(-3).
67
Let g(c) = 77*c - 642. Calculate g(9).
51
Let o(j) = -2*j**2 + 83*j + 17. Give o(37).
350
Let y(b) = 2*b**3 + 28*b**2 + 26*b - 79. Calculate y(-13).
-79
Let g(j) = j**2 + 97*j + 1699. Determine g(-23).
-3
Let h(s) = -3*s**3 + 57*s**2 + 127*s - 40. Calculate h(21).
-19
Let d(v) = 46*v - 314. What is d(7)?
8
Let g(s) = s**3 + 32*s**2 - 155*s + 71. Give g(-36).
467
Let o(g) = -6*g - 25. Determine o(-2).
-13
Let t(n) = n**3 - 48*n**2 + 173*n + 142. Calculate t(44).
10
Let g(d) = 2*d**2 - 158*d + 305. Give g(77).
-3
Let g(x) = x**3 - 41*x**2 + 86*x - 72. Calculate g(39).
240
Let o(a) = -278*a**3 - 4*a**2 - 13*a - 7. Calculate o(-1).
280
Let y(d) = 2*d**2 - 28*d + 103. Calculate y(8).
7
Let c(y) = -1051*y - 361. Determine c(0).
-361
Let q(b) = -4*b**2 - 72*b - 253. Determine q(-14).
-29
Let f(l) = -l**3 + 12*l**2 - 34*l + 160. What is f(5)?
165
Let u(d) = -125*d**3 + 6*d**2 + 2*d - 4. Determine u(-1).
125
Let u(y) = -y**3 + 15*y**2 - 31*y - 194. Calculate u(10).
-4
Let q(l) = 130*l + 124. Calculate q(-1).
-6
Let l(h) = h**3 + 63*h**2 - 62*h + 129. Give l(-64).
1
Let t(o) = -o**3 - 46*o**2 + 99*o + 98. What is t(-48)?
-46
Let h(f) = -f**3 - 91*f**2 + 484*f + 380. Calculate h(-96).
-4
Let g(z) = z**2 + 162*z + 3921. Calculate g(-30).
-39
Let s(g) = 40*g**2 - 2229*g - 2905. Give s(57).
2
Let l(a) = 218*a**2 + 164*a - 160. Calculate l(1).
222
Let h(f) = -f**3 - 15*f**2 + 79*f + 33. Give h(-19).
-24
Let q(l) = 22*l**2 + 668*l + 247. Determine q(-30).
7
Let u(m) = 146*m + 121. Give u(-1).
-25
Let s(y) = 192*y + 5376. Determine s(-28).
0
Let g(r) = r**3 - 16*r**2 - 49*r - 153. Give g(19).
-1
Let j(l) = -10*l - 63. Calculate j(-17).
107
Let c(u) = u**3 - 204*u**2 + 2483*u - 10. Give c(13).
-10
Let u(j) = j**3 - 74*j**2 + 137*j + 439. What is u(72)?
-65
Let u(d) = -2*d**2 - 15*d + 15. What is u(1)?
-2
Let y(w) = -w**3 - 2*w**2 - 39*w - 131. Calculate y(-3).
-5
Let f(y) = 99*y**2 - 1304*y + 29. Give f(13).
-192
Let w(d) = -2*d**2 - 115*d - 15. Calculate w(0).
-15
Let v(t) = -t**3 + 2*t**2 + 14*t - 29. What is v(7)?
-176
Let y(w) = -w**2 + 19*w + 720. What is y(35)?
160
Let t(f) = f**2 + 51*f - 45. Determine t(-52).
7
Let i(p) = -431*p + 452. Calculate i(1).
21
Let v(r) = 17*r - 328. What is v(17)?
-39
Let s(o) = -o**3 - 23*o**2 - 111*o - 649. What is s(-19)?
16
Let k(b) = 2*b**2 - 4*b + 3. Determine k(9).
129
Let v(r) = 2*r**3 + 32*r**2 + 75*r + 275. Determine v(-14).
9
Let w(s) = 91*s - 1264. Calculate w(14).
10
Let m(z) = -13*z**2 + 3*z + 5. What is m(-1)?
-11
Let w(v) = -v + 97. Determine w(-22).
119
Let d(b) = -5*b**2 + 43*b + 78. Give d(10).
8
Let q(t) = -t**3 + 68*t**2 - 764*t + 437. Determine q(54).
5
Let j(g) = -32*g**3 - 189*g**2 + 21*g + 5. Calculate j(-6).
-13
Let m(n) = -n**3 + 18*n**2 - 31*n - 216. Determine m(15).
-6
Let q(i) = 33*i + 197. Calculate q(3).
296
Let g(j) = -j**2 - 149. What is g(0)?
-149
Let h(s) = s**3 + 64*s**2 + 179*s - 201. Determine h(-61).
43
Let k(h) = h**2 - 43*h - 399. What is k(51)?
9
Let c(f) = f**2 + 3*f - 33. Determine c(-9).
21
Let l(h) = h**2 + 1069*h - 20696. Give l(19).
-24
Let g(h) = -h**3 - 8*h**2 - 271*h - 1841. Give g(-7).
7
Let f(i) = 233*i - 19576. Determine f(84).
-4
Let c(o) = 2*o**3 + 3*o**2 - 21*o + 30. What is c(2)?
16
Let z(t) = -7*t**3 - 4*t**2 - 3*t + 6. Determine z(1).
-8
Let v(k) = -k**2 - 339*k + 11. What is v(0)?
11
Let g(t) = -975*t + 5876. What is g(6)?
26
Let x(y) = y**3 + 3*y**2 - 339*y - 1024. Give x(-3).
-7
Let m(z) = -z**2 + 102*z - 835. Determine m(93).
2
Let s(q) = -32*q - 29. Give s(5).
-189
Let a(y) = 2*y**2 - 200*y + 1630. What is a(91)?
-8
Let f(i) = i**3 + 56*i**2 - 51*i + 373. Give f(-57).
31
Let a(g) = -157*g - 1705. What is a(-13)?
336
Let m(n) = -n**3 - 7*n**2 + 110*n - 19. Determine m(8).
-99
Let b(z) = -7*z**2 + 6*z - 1. Determine b(5).
-146
Let b(y) = -y**3 - 55*y**2 - 128*y - 3989. What is b(-54)?
7
Let j(z) = -z**3 + 31*z + 17. What is j(-6)?
47
Let f(z) = 171*z + 288. What is f(-3)?
-225
Let s(x) = x**2 + 9*x + 20. Give s(-7).
6
Let d(f) = -f**2 + 11*f + 130. Calculate d(24).
-182
Let i(t) = 2*t**2 + 231*t - 232. What is i(1)?
1
Let a(t) = -t**3 - 31*t**2 - 36*t - 66. What is a(-30)?
114
Let u(a) = -4*a**3 + 7*a**2 - 55. Calculate u(-3).
116
Let z(s) = -4*s**3 - 164*s**2 + 6. Calculate z(-41).
6
Let o(p) = p**3 - p**2 + 27*p - 2. Give o(0).
-2
Let i(s) = s**3 + 10*s**2 - 29*s - 44. Determine i(-12).
16
Let j(i) = -i**2 - 9*i + 63. What is j(-8)?
71
Let z(d) = -7*d + 169. Give z(37).
-90
Let r(f) = -9*f**2 + 360*f - 28. Calculate r(40).
-28
Let c(n) = 3*n**2 + 65*n + 128. Give c(-2).
10
Let f(m) = -2*m**2 - 76*m - 273. Determine f(-4).
-1
Let h(r) = 24*r - 374. Determine h(15).
-14
Let f(s) = -36*s + 20. Determine f(5).
-160
Let l(u) = -143*u + 579. Determine l(4).
7
Let w(j) = -403*j + 16926. Give w(42).
0
Let s(k) = -k**3 + k**2 + 14*k + 30. Determine s(-2).
14
Let k(l) = 132*l + 257. Give k(-2).
-7
Let b(o) = -413*o - 9465. Give b(-23).
34
Let p(z) = 122*z - 3887. Calculate p(32).
17
Let d(q) = -229*q + 7102. Give d(31).
3
Let y(g) = 164*g - 311. Determine y(2).
17
Let x(s) = s**3 + 97*s**2 + 1703*s + 34. Give x(-74).
-40
Let r(t) = -t**2 + 18*t + 312. Determine r(-13).
-91
Let b(d) = -d**3 - 13*d**2 - 24*d + 99. Determine b(-10).
39
Let z(b) = b**3 - 8*b**2 - 7*b + 86. Give z(8).
30
Let i(s) = 29*s**2 + 639*s + 22. Calculate i(-22).
0
Let p(d) = -99*d + 1238. Calculate p(9).
347
Let x(z) = z**2 - 12*z - 183. Determine x(-9).
6
Let q(z) = 41*z + 327. Calculate q(-8).
-1
Let p(y) = 7*y**3 - 12*y**2 - 11*y + 17. Give p(-2).
-65
Let w(k) = 1101*k + 7. Give w(0).
7
Let h(c) = -3*c + 193. Give h(53).
34
Let s(g) = 21*g**2 - 619*g - 123. Calculate s(30).
207
Let s(b) = -b**3 - 17*b**2 + 177*b + 1953. Calculate s(-2